2 (base 6) in base 8?
-536706
What is 2101010 (base 6) in base 16?
18bbe
What is -180129 (base 13) in base 16?
-927b1
135862 (base 9) to base 2
10100010010001001
360445 (base 9) to base 15
443d8
What is 100010101001000001100 (base 2) in base 10?
1135116
Convert b87575 (base 13) to base 9.
8127274
What is 570b39 (base 12) in base 6?
45451313
16660114 (base 7) to base 14
30b57b
48001 (base 12) to base 9
156661
What is 3330203 (base 4) in base 10?
16163
-53148 (base 13) to base 7
-1162140
Convert 122246 (base 7) to base 4.
11132123
Convert -8625601 (base 9) to base 12.
-166b484
What is -1011001101110100000 (base 2) in base 3?
-200200010212
Convert 2430 (base 12) to base 6.
30500
What is -8a36b2 (base 13) in base 12?
-1114874
What is -851166 (base 9) in base 11?
-316241
Convert -7428443 (base 11) to base 2.
-110001111010101110011000
What is 2c9c31 (base 15) in base 10?
2159371
What is -628a3 (base 16) in base 2?
-1100010100010100011
5532315 (base 6) to base 2
1000011100001110111
-74c3c (base 13) to base 15
-426ce
What is 62a10 (base 11) in base 7?
531301
-260421 (base 7) to base 10
-48231
Convert -3a431 (base 15) to base 4.
-231203023
58b40 (base 13) to base 7
1244104
Convert 1225302 (base 6) to base 14.
1a098
What is 2a81958 (base 11) in base 12?
192378b
What is 40414044 (base 5) in base 14?
86c05
What is 2b5c8a (base 13) in base 6?
34533100
-1302141222 (base 5) to base 16
-303fce
What is 46a2 (base 11) in base 14?
2362
17d32d (base 14) to base 11
526428
-54584 (base 10) to base 6
-1100412
-3213214014 (base 5) to base 13
-1531ac9
-324124 (base 8) to base 10
-108628
What is 41000023 (base 5) in base 7?
2534446
What is 9174 (base 14) in base 6?
311414
Convert -5623051 (base 7) to base 2.
-10101001101010101010
-28b891 (base 12) to base 5
-133340241
-248524 (base 12) to base 16
-914ec
-7421ab (base 12) to base 2
-110111110011010010011
Convert -2a55 (base 11) to base 9.
-5348
Convert -2241044 (base 5) to base 6.
-505513
-53620640 (base 7) to base 9
-8544852
Convert -96e791 (base 16) to base 13.
-20835a9
What is -1f64a (base 16) in base 6?
-2431150
What is -103067 (base 11) in base 7?
-1255251
Convert 1139819 (base 14) to base 6.
451540051
What is -139737e (base 15) in base 9?
-28554442
Convert -300031322 (base 4) to base 10.
-197498
What is 58896 (base 10) in base 2?
1110011000010000
Convert -3322220 (base 6) to base 9.
-273233
Convert 34322132 (base 5) to base 7.
2421232
What is 104322232 (base 5) in base 16?
714c3
Convert -2010212200 (base 3) to base 4.
-22103100
Convert 35a57 (base 14) to base 16.
1ffbd
-103551400 (base 6) to base 10
-1865304
What is -33301212011 (base 4) in base 6?
-224344525
What is 3313322100 (base 4) in base 5?
224443230
What is 2123120130 (base 4) in base 7?
5260344
Convert -120222100221 (base 3) to base 10.
-314467
What is 23a1 (base 14) in base 13?
2aa3
-15971 (base 11) to base 4
-11132333
c54dbc (base 14) to base 4
121121321022
Convert -25335 (base 15) to base 7.
-1003334
Convert a7d3d (base 14) to base 13.
112a27
Convert 24381 (base 9) to base 6.
203414
Convert -1d22ba (base 16) to base 13.
-51b157
What is -1155251544 (base 6) in base 10?
-13412728
Convert -22223244 (base 6) to base 5.
-133001301
What is 1022101100 (base 4) in base 5?
34213313
Convert -1c47ec (base 15) to base 8.
-5213434
What is -155050205 (base 6) in base 10?
-3319133
Convert 302333000 (base 4) to base 8.
627700
What is 110130222121 (base 4) in base 12?
1966021
What is -110001010111111000 (base 2) in base 10?
-202232
What is -1665645 (base 7) in base 9?
-387243
Convert -606a68 (base 11) to base 16.
-ee2d8
Convert 1a622 (base 16) to base 8.
323042
36918 (base 13) to base 5
11203112
What is -902597 (base 12) in base 9?
-4188787
Convert -64967 (base 13) to base 2.
-101100011000000000
2200408 (base 9) to base 2
100100000011010000000
31610456 (base 8) to base 5
3212121411
-5462b (base 13) to base 10
-152644
What is 3303066 (base 7) in base 14?
a756d
Convert -6247466 (base 10) to base 11.
-35878a5
-52332405 (base 7) to base 8
-20650204
What is -223448 (base 9) in base 2?
-100000101010001111
Convert -7607768 (base 10) to base 5.
-3421422033
Convert 205300 (base 8) to base 16.
10ac0
What is -6b047 (base 14) in base 16?
-3fa87
-101111101111010 (base 2) to base 12
-1218a
What is 1446875 (base 9) in base 3?
1111120222112
-2121001020 (base 3) to base 13
-1a31c
What is -11101101111111000 (base 2) in base 15?
-26183
13434234 (base 6) to base 3
212011022111
What is 70176 (base 9) in base 8?
131775
Convert 420045540 (base 6) to base 10.
7284804
What is 1526015 (base 7) in base 14?
5600c
What is -50251521 (base 6) in base 2?
-101011011001100101001
16c91 (base 14) to base 3
2220200102
What is 13100735 (base 9) in base 15?
872395
-5a968 (base 13) to base 8
-504756
-10310541 (base 6) to base 12
-128451
-1984bb (base 13) to base 14
-12b9a4
-101010011011111111011010 (base 2) to base 16
-a9bfda
What is -29043 (base 12) in base 15?
-11da0
Convert -2c440b (base 14) to base 10.
-1548411
What is -10010010001000010111001 (base 2) in base 15?
-648bc4
What is 10111011110011000101 (base 2) in base 9?
1402150
-114823 (base 12) to base 11
-17a678
Convert -ed611 (base 15) to base 9.
-1368247
Convert 224341211 (base 5) to base 16.
f7158
4321427 (base 10) to base 9
8115785
Convert 198947 (base 14) to base 8.
3354123
-79c426 (base 15) to base 5
-2442001221
Convert 1706611 (base 9) to base 3.
1210020200101
10a18 (base 12) to base 16
56b4
What is 5322966 (base 10) in base 12?
1948506
Convert -13358 (base 10) to base 2.
-11010000101110
Convert 100020212 (base 4) to base 6.
1225542
What is 11344542 (base 6) in base 5?
42344144
Convert -1000220201 (base 3) to base 7.
-113221
65075a (base 11) to base 15
158418
What is 6654351 (base 9) in base 2?
1101101001110001000110
What is 25b72 (base 16) in base 12?
75496
Convert 3214013 (base 5) to base 10.
54258
Convert 85ea20 (base 16) to base 6.
512034400
12222101 (base 4) to base 7
142352
What is 121754 (base 9) in base 2?
10001111100101100
What is -13e070 (base 15) in base 7?
-11101524
What is -1e3e89 (base 15) in base 11?
-922105
5b609 (base 15) to base 6
10130013
Convert -180247 (base 9) to base 15.
-23197
What is -269b8c (base 14) in base 8?
-5053600
-11010110101011011101000 (base 2) to base 14
-d118b6
303346 (base 9) to base 11
112a50
Convert -3425b2 (base 13) to base 11.
-772830
-2011243 (base 7) to base 14
-62b23
35ef2 (base 16) to base 11
140a81
-123161163 (base 7) to base 14
-106d3da
3086024 (base 11) to base 12
19a4067
-240442302 (base 5) to base 7
-12266314
What is 1010100100100000110111 (base 2) in base 12?
b17707
Convert -1921498 (base 11) to base 2.
-1100011010000000000000
Convert 303783 (base 9) to base 3.
100010212210
What is -31443110 (base 5) in base 3?
-111111001211
What is -10131423 (base 5) in base 4?
-110112203
Convert -20210212212101 (base 3) to base 16.
-373a3b
-46a4b (base 15) to base 8
-667457
1b360 (base 12) to base 6
510200
Convert -5243016 (base 9) to base 10.
-2803749
What is -1052453500 (base 6) in base 7?
-200450526
Convert -1274342 (base 8) to base 6.
-11404150
Convert -47205 (base 8) to base 12.
-b771
-370444 (base 10) to base 13
-cc7c9
-13023211021 (base 4) to base 3
-10112122020001
Convert 870277 (base 14) to base 4.
101130031201
What is -12111021010 (base 3) in base 15?
-22059
-3371222 (base 8) to base 15
-130c7b
Convert 710a8 (base 11) to base 7.
612010
What is 36336163 (base 7) in base 3?
20002102100221
Convert 30233011323 (base 4) to base 7.
40243404
Convert -144226 (base 7) to base 6.
-333101
Convert -2350324 (base 6) to base 8.
-360554
What is 75202751 (base 8) in base 3?
1010012211012120
Convert -210322322120 (base 4) to base 3.
-200012201101112
What is -102041042 (base 5) in base 10?
-424522
Convert 4567465 (base 8) to base 4.
10232330311
What is 3133331411 (base 5) in base 3?
110022101221101
Convert -331ec (base 15) to base 10.
-162447
What is 41023112 (base 6) in base 3?
2012102111122
-10c53 (base 15) to base 16
-d09b
68438 (base 11) to base 3
12000211101
233234 (base 7) to base 16
a3f1
Convert 1508087 (base 9) to base 7.
10035253
Convert 234110 (base 11) to base 16.
5ab19
What is 10345354 (base 6) in base 7?
2426554
What is 12565015 (base 7) in base 12?
47a881
What is -5757240 (base 9) in base 4?
-23312